3*w + 3 = 12. What is the units digit of (-2748)/(-30) + w/(-5)?
1
Let p be (-1 + 2)*(-2 + 2). Let w(a) = -165 + 5*a**2 + a + 205 - 6*a**2. What is the units digit of w(p)?
0
Let h = -133 + 227. Suppose g - 3*l - h = 0, 3*g = -0*g + l + 290. What is the units digit of g?
7
Let v be (-9)/6*(4 - 8). Suppose 0 = -2*n + 130 + v. What is the units digit of n?
8
Let k(o) = 29 - 19*o - 7*o + 18*o. What is the units digit of k(-9)?
1
Suppose 0 = -3*f - 3*d - 108, d = 2*f - d + 72. Let x = 47 - f. What is the tens digit of x?
8
Let x(f) = -7*f - 19. Let d be x(-7). Suppose 2*b - 4*b + d = 4*n, -5*b + 19 = 3*n. What is the units digit of n?
8
Let g = 75 - 40. Let v be (-21)/g - (-33)/5. What is the units digit of (-16)/v*(-9)/1?
4
Let n be ((-16)/(-5))/((-1)/5). Suppose -190 = -5*q + c + c, 3*c + 51 = q. Let f = q + n. What is the units digit of f?
0
Suppose 3*r + 6 = 4*r. What is the units digit of (-356)/(-10) - r/10?
5
Suppose -225 - 15 = -5*f. Suppose -3*h + 102 = -3*k, 2*h + 3*k - f = 5. Let i = 54 - h. What is the tens digit of i?
2
Let o(v) = 2*v - 8. Let u be o(10). Suppose -3*r - u = -6*r. Suppose -5*g + 2*j = -136, r*g = -3*j + 143 - 48. What is the units digit of g?
6
What is the tens digit of ((-103)/(-721))/(1/8351)?
9
Suppose -2*q + 8 - 1278 = 0. Let h = -415 - q. What is the tens digit of h?
2
Let q(v) be the second derivative of -37*v**3/6 - 4*v**2 + 28*v. What is the hundreds digit of q(-4)?
1
Let g(d) = 780*d - 2. What is the thousands digit of g(2)?
1
Suppose 4*m + 3218 = -2382. What is the tens digit of m/(-21) + ((-4)/6 - -1)?
6
Let q = -11 + 13. Suppose q*y + y - 283 = -4*b, -4*b = -5*y - 275. Let h = b - 38. What is the tens digit of h?
3
Suppose 14 = j + 4*d, 3*j = 4*d - 3*d - 23. Let l be 1*-2 - (-27 - j). Suppose -l = -p - 2*u + u, 2*p - 4*u - 38 = 0. What is the units digit of p?
9
Let s(x) = -x**3 + 24*x**2 - 22*x - 20. Let o be s(23). Suppose -5*z - 830 = o*v - 8*v, 659 = 4*v + z. What is the hundreds digit of v?
1
Suppose 2*a - 3*x = -7*x + 8, -3*a = -x + 2. Let w be -26 - (a - 0)*1. Let s = w + 55. What is the tens digit of s?
2
Let z = -4536 - -7753. What is the units digit of z?
7
Let i(b) = 4*b**2 + 3*b - 6. Suppose -5*t = -3*u - 12 - 9, 0 = t + 5*u + 7. What is the units digit of i(t)?
9
Suppose -114 - 51 = -z. Suppose 0 = 2*g + 3*g + z. Let o = -23 - g. What is the tens digit of o?
1
Suppose -5*j + 8 = -j, 0 = -3*v - j + 869. What is the units digit of v?
9
What is the units digit of (1*(-14 + -1158))/((-1)/3)?
6
Suppose 1 = q - 6. Let r(y) = y**3 - 5*y**2 - 11*y + 7. What is the units digit of r(q)?
8
Suppose -2*l = -g + 7, -19 = -3*g + l + 3*l. Suppose 5*t = 3*k + 10, -3*k = -5*k + g*t - 15. Suppose 0 = 2*w - 7 - k. What is the units digit of w?
6
Suppose u + 8*o = 4*o + 25, -o = -u. Suppose 3*j + 91 = u*a, 3*j = -3*a + a + 28. What is the units digit of a?
7
Let d = 318 + -194. What is the hundreds digit of d?
1
Let t(k) = k**2 + k + 3. Let l(a) = a**2 - 4*a - 5. Let j be l(5). Let y be ((0 - j)*-1)/(-2). What is the units digit of t(y)?
3
Let y(z) = -47*z**3 - 3*z**2 - 2*z - 4. Let t be y(-2). Suppose -2*o - t = -5*b, -5*b - 4*o + 286 = -66. What is the tens digit of b?
7
Suppose 0 = 3*x + 4*c - 4060, 33*c - 1353 = -x + 32*c. What is the hundreds digit of x?
3
What is the hundreds digit of ((0 - -2) + 0)/((-138)/(-132411))?
9
Let q = -2290 - -3959. What is the tens digit of q?
6
Suppose 33 + 42 = 3*y. Suppose 2*f + 5*d = y + 21, 5*f + 5*d - 100 = 0. What is the tens digit of f?
1
Let d be ((-6)/8)/(-3)*-4. Let o(n) = -8*n - 10*n + 4*n. What is the units digit of o(d)?
4
Suppose -w + 2*w + 95 = 2*x, 115 = 2*x + 3*w. Let q = x - -18. What is the tens digit of q?
6
Suppose 1574 - 6428 = -3*r. What is the tens digit of r?
1
Let h = -12 + 13. Let s(n) = n**2 - n - 1. Let c(p) = -2*p**2 + 6*p + 7. Let o(v) = h*c(v) + 6*s(v). What is the units digit of o(3)?
7
Let t be 3/(-18)*-3*18. Suppose -v - 4*c - t = -2, 13 = -4*v - c. What is the tens digit of v - (-1 - 1 - 38)?
3
Let z(u) = u - 2. Let f be z(2). Suppose f + 19 = g. What is the units digit of g?
9
Let n(r) = 3*r**3 + 67*r**2 - 39*r - 28. What is the thousands digit of n(-22)?
1
Let w(r) be the first derivative of -r**4/4 + 5*r**3 - 11*r**2/2 + 5*r + 1. What is the units digit of w(14)?
7
Suppose -4*b = 5*z - 0*b - 265, 3*b + 181 = 4*z. Let i be -2*(-69)/(-12)*-2. Let m = z - i. What is the units digit of m?
6
Let f(o) = -10*o**3 - 34*o**2 + 10*o + 7. Let z(n) = -7*n**3 - 23*n**2 + 7*n + 5. Let r(t) = -5*f(t) + 7*z(t). What is the hundreds digit of r(-7)?
1
Let z(y) = -7*y**3 - 6*y**2 + 23*y + 41. What is the hundreds digit of z(-8)?
0
Let j = 20 + -23. What is the tens digit of (j/(9/2))/(13/(-1599))?
8
Let l be -2 - (-3)/((-9)/(-6)). Suppose 5*m - 17 - 3 = l. Suppose 4*i + 40 = 2*r, -24 = -3*r - 4*i - m. What is the tens digit of r?
1
Suppose 0 = 3*n - 9*n + 36. Suppose 2*r = n, -4*h = -5*r + 51 - 636. What is the tens digit of h?
5
Suppose -5*u = -3*u - 4*q - 3396, 0 = -2*u + q + 3399. What is the tens digit of u?
0
Let f(y) be the third derivative of y**5/60 + y**4/12 + 8*y**3/3 - 3*y**2. Let s be f(0). Suppose k - 59 = -s. What is the units digit of k?
3
Let y be (87/2)/(24/64). Let f = 222 - y. What is the units digit of f?
6
Suppose 15*c + 36 = 11*c. Let o(w) be the third derivative of w**4/24 + 19*w**3/6 - 2*w**2. What is the tens digit of o(c)?
1
Suppose -6*i + i = -10. Let w(b) = b + 7. Let d be w(-5). Suppose -d*k = -k - 3*h - 35, -i*k + 86 = 2*h. What is the tens digit of k?
4
Let f be -1 + (-3)/3 - 13. Let j = f - -17. Suppose 0 = -4*x + m + 26, -5*m = -12 + j. What is the units digit of x?
7
Suppose 300 = 10*b - 5*b. Let s = b + 57. What is the units digit of s?
7
Suppose o = 2 + 3. Suppose -5*l - k = -160, -o*l - 4*k = -6*k - 175. What is the tens digit of l?
3
Suppose 4*j + 96 = 2*v, j + v + 84 = -3*j. What is the tens digit of (-11)/(j/196) + -2?
9
Let a(u) = u - 27. Let x(d) = -d + 27. Let m(i) = -2*a(i) - 3*x(i). Let k be m(9). Let q = 26 + k. What is the units digit of q?
8
What is the units digit of (-421)/(5/(-20)*4)?
1
Suppose w + m - 4*m = -57, m = w + 53. Let b be (1*6)/(w/34). What is the units digit of 12 - (-9)/(9/b)?
8
Let d be (2/6)/(3/36). Suppose 5*l = 126 - 31. Suppose -b = d*y - l, -3*b + 6*y - 3*y = -42. What is the tens digit of b?
1
Suppose 1145*i = 1140*i + 3085. What is the units digit of i?
7
Let m(b) = -13*b**3 + 7*b**2 + 9*b + 9. What is the hundreds digit of m(-4)?
9
Suppose 3*f + 4 = 22. Let w = -3 + f. Suppose -w*a - 2*a + 35 = 0. What is the units digit of a?
7
Let u = -34 - -54. Suppose u = b - 136. What is the tens digit of b/11 - 4/22?
1
Suppose 3*a + 5 = -2*a. Let b be (a - -1)*4/12. Suppose -3*p - 3*o + 60 = b, -3*p - 32 = -4*p + 3*o. What is the units digit of p?
3
Let i(x) = -x**3 - 2*x**2 - 3*x. Let j be i(3). Let w = j + 87. What is the units digit of w?
3
What is the tens digit of (-2)/9 + (-7 - (-117030)/54)?
6
Suppose -6*p = -4*p + 270. Let i = -61 - p. What is the tens digit of i?
7
Suppose d + 18 = -2*h, 0*d + 5*d = 3*h - 129. Let n = -31 - d. What is the tens digit of 4 + -1 + n - -56?
5
Suppose 244*i + 1989 = 253*i. What is the units digit of i?
1
Suppose -166 - 839 = -5*z + 4*b, 4*b = -5*z + 1045. What is the tens digit of z?
0
Let p be 2 + -4 + 31/1. Suppose -2*f = -f - 5*w - p, -4*f + 5*w = -41. What is the units digit of f?
4
Let j be (6/9)/((-8)/(-36)). Suppose 0*c - j*c = -132. Suppose 0 = p, -c = s - 3*s + 4*p. What is the tens digit of s?
2
Suppose -8*x + 1926 + 3698 = 0. What is the tens digit of x?
0
Let h = 1267 - 608. What is the units digit of h?
9
Let l = 25 - -48. Suppose 0 = -4*a + 485 - l. What is the tens digit of a?
0
Suppose -3*g - 87 + 513 = 0. What is the tens digit of -1*g*(-5)/10?
7
Let a be -2 + (-2)/(-6)*6 - -24. Let z(j) = 15*j - 64. What is the units digit of z(a)?
6
Suppose 4*t - 627 = 3*h, 4*t = 9*t - 4*h - 785. What is the tens digit of t?
5
Let t = -12 - -5. Let u be ((-106)/(-4))/(t/(-14)). Suppose -4*j = u - 145. What is the units digit of j?
3
Suppose -4*f - 2*h + 367 = -3*f, 4*f - 1475 = -h. What is the units digit of f?
9
Let h(c) be the first derivative of -c**4/4 - 4*c**3 - 6*c**2 + 22*c - 3. What is the tens digit of h(-11)?
3
Let n = -447 - -1020. What is the